0*i**2 - 3. Let l be r(-6). Suppose 2*s - 3*c - 214 = 0, -3*s - 4*c + 7*c = -318. Calculate the highest common divisor of s and l.
13
Suppose 3*n - 5 = 2*r + 9, -5*r - 28 = -4*n. Let i be r/18 + (-152)/(-36). Calculate the highest common factor of i and 4.
4
Suppose -12 = -5*r + 28. Suppose -4 = y - 0*y, 5*b - 14 = y. Suppose 0 = -5*w + 25, 0 = -b*u + w + 123 + 48. What is the greatest common factor of u and r?
8
Suppose 3*u - 2*u + 21 = z, 0 = 4*u + 20. Calculate the greatest common factor of z and 64.
16
Let u(k) = k**3 - 18*k**2 + 19*k - 24. Let j be u(17). What is the greatest common factor of j and 65?
5
Suppose 13*k - 49 - 263 = 0. Calculate the greatest common divisor of k and 72.
24
Let m(j) = 9 - 2 - 2 - 7*j. Let n(a) = -a + 1. Let y(t) = -m(t) + 6*n(t). Let b be y(6). Calculate the greatest common divisor of b and 28.
7
Let r(l) = l**3 - 3*l**2 - 5*l + 3. Let f be r(4). Let u be (-45 - f)*(-1)/2. What is the highest common divisor of 2 and u?
2
Let m be (-14)/(-3) + (-1)/(-3). Suppose m*i = i + 16. Suppose q - i = -0*q. Calculate the highest common divisor of q and 16.
4
Suppose 3*o - 188 + 54 = -5*m, 3*m + 198 = 4*o. Suppose o = -2*y + 4*y. Calculate the highest common factor of y and 120.
24
Let t(c) = c**2 - 9*c - 10. Let v be t(11). Suppose v - 32 = -4*w. Calculate the highest common divisor of 20 and w.
5
Let n(c) = c**3 - 5*c**2 + 3*c + 1. Let o be n(5). Let h(s) = 6*s**2 + 23*s - 5. Let r be h(-7). What is the greatest common divisor of r and o?
16
Let q be 4/10*(0 - -5). Suppose 11*n + 60 = 16*n. Let d(r) = r**2 - 12*r + 5. Let s be d(n). Calculate the highest common divisor of q and s.
1
Let z = 36 - 23. What is the greatest common factor of 52 and z?
13
Let z(k) = k**3 + 7*k**2 - k. Let m = 36 - 39. Let g be z(m). Let s be (-232)/(-9) - 4/(-18). What is the highest common factor of s and g?
13
Let q(o) = -2*o - 2. Let y be q(-6). Calculate the highest common divisor of 5 and y.
5
Suppose a = -0*a + 1. Suppose f - 3 + a = 0. Suppose 3*n = -c + 195, -f*n = 2*c - 0*c - 126. What is the greatest common factor of 6 and n?
6
Suppose 168 = 4*j - 4*p, -5*p - 8 = -j + 42. Suppose 30 = y - j. Suppose -19*z + 159 = -31. Calculate the highest common factor of z and y.
10
Let g(n) = -n**3 - 7*n**2 - 3*n - 10. Let t be g(-7). Let b = t - 10. Calculate the highest common factor of 1 and b.
1
Let u(o) = 1. Let a(f) = f + 4. Let t(i) = a(i) + 4*u(i). Let l be t(-5). Suppose 4*w - 3 = 33. Calculate the greatest common divisor of l and w.
3
Suppose 4 - 14 = 2*j + 3*u, 2*u = -5*j - 3. Let a(f) = 6*f**3 - f + 1. Let l be a(j). What is the greatest common divisor of 9 and l?
3
Let x(r) = 7*r**2 - 2*r + 3. Let n be 6/(-21) + (-16)/(-7). Let c be x(n). What is the greatest common divisor of 9 and c?
9
Suppose 0 = 2*h - 73 - 97. What is the highest common divisor of 68 and h?
17
Suppose 4*m = -0*m + 116. Suppose -s + m = j, -2*j - 92 = -3*s - 4*j. What is the greatest common divisor of 306 and s?
34
Let v be 2/(-4) + (-20)/(-8). What is the greatest common factor of 3 and v?
1
Suppose -5*h = -68 + 8. Suppose 4*q + k - 136 = 395, 0 = -q - 3*k + 141. Calculate the highest common factor of h and q.
12
Suppose 4*c + 10 - 30 = 0. Suppose -l - 13 = -58. What is the highest common factor of l and c?
5
Let k = 10 - 5. Let z = 4 + 0. Suppose 3*m + 1 = -k, -z*h = -4*m - 344. What is the greatest common factor of h and 12?
12
Let g = -21 + 32. Suppose 4*u + 10 = 2*t, 0 = -2*t + t + 4*u - 1. Calculate the highest common factor of g and t.
11
Let p be -6*4/(-3) + 1. What is the highest common factor of 72 and p?
9
Let k(n) = 4*n**2 - 3*n - 7. Let m be k(-12). Calculate the greatest common divisor of 55 and m.
55
Let k be 2 + 7/(28/(-144)). Let q = k - -56. Calculate the greatest common factor of q and 11.
11
Let y = 120 + -75. What is the highest common factor of 9 and y?
9
Let l(s) = -s**2 - 5*s + 9. Let p be l(-5). What is the greatest common divisor of 81 and p?
9
Let x be 2 + -5 + 17 + 1 - 2. What is the greatest common factor of x and 143?
13
Let g = 15 - 8. Suppose 16 = 3*u - 5*o, -2*u + g*o + 14 = 3*o. Let j be -63*(0 - -3)/u. Calculate the greatest common factor of j and 7.
7
Suppose 452 + 204 = 2*f. Suppose 4*k - f = -6*w + w, 4*w = 16. Suppose 0 = -3*v + 6 + 15. Calculate the highest common divisor of v and k.
7
Let c(r) = r**3 + 11*r**2 + 4*r - 24. Let u be c(-10). Calculate the greatest common divisor of 90 and u.
18
Let r(m) = -m + 4. Let t be r(-2). What is the highest common divisor of t and 2?
2
Let j = 29 - 40. Let f be (-12)/(-1) - (j + 9). What is the greatest common factor of f and 70?
14
Let n = -2 - -91. Let l = -62 + n. Suppose 7*y - 4*m - 47 = 4*y, -5*y + 50 = -m. Calculate the greatest common factor of y and l.
9
Let c(u) = -7*u - 1. Let n be c(-8). Let d be (-15)/10 - 2/(8/(-26)). What is the greatest common factor of d and n?
5
Let a be 422/10 - 2/10. What is the highest common factor of 21 and a?
21
Let s = 85 - 30. Calculate the highest common divisor of 22 and s.
11
Let c(r) = r - 9. Let x be -1*(3 - (-39)/(-3)). Let u be c(x). Calculate the greatest common factor of 8 and u.
1
Let a(x) = 6*x**2 - 4*x - 10. Let z be a(7). Let n = z - 172. Calculate the greatest common divisor of 12 and n.
12
Let u(h) = 30*h. Let i be u(3). Suppose -2*k + i = 3*k. Suppose -3*o + k = -24. Calculate the greatest common factor of o and 14.
14
Suppose -5*y + 68 + 37 = 0. Calculate the greatest common factor of y and 3.
3
Let p = 3 + -2. Suppose -5*r + w = -w - 45, 3*r - 5*w - 46 = 0. Suppose 5*l - r = -2. Calculate the highest common factor of l and p.
1
Suppose 0*c - 110 = -2*c. Calculate the greatest common divisor of 11 and c.
11
Let r be (-5084)/(-279) + (7/9 - 1). Calculate the greatest common divisor of 162 and r.
18
Let g(s) = -3*s**3 + s + 3. Let b be g(-3). Suppose -21 = -2*f - 3. What is the highest common factor of f and b?
9
Let l be 1 - -3 - (-204)/17. What is the greatest common factor of 96 and l?
16
Suppose -x = 3*x - 88. What is the greatest common factor of 88 and x?
22
Let m(l) = l**2 - 63. Let h be m(-9). Calculate the highest common divisor of 81 and h.
9
Let r be 11/(1/(2/1)). Suppose 0 = -4*a + 68 + 64. Calculate the highest common factor of a and r.
11
Let j = 404 - 229. What is the highest common divisor of 25 and j?
25
Let p be (-14)/(-21)*177/1. Let s = -82 + p. Calculate the highest common factor of 4 and s.
4
Let v be (-5)/((3/2)/(-3)). Calculate the greatest common factor of 5 and v.
5
Suppose y + 4*j = -3, 0 = -y + 5*j + 10 + 5. Suppose l - 3*z - y = 0, 0*l - 4*z + 10 = 2*l. Let b = -1 - -6. Calculate the greatest common factor of l and b.
5
Let w be 8/6*30/4. Let i = 75 + -18. Suppose b + 7 = i. Calculate the highest common divisor of b and w.
10
Let a = -7 - -9. Suppose -7*b + 75 = -a*b. Calculate the highest common divisor of 45 and b.
15
Suppose -2*p - 294 = -4*i, 2*p = 8*i - 3*i - 366. Calculate the greatest common divisor of i and 9.
9
Let l = -25 - -53. Calculate the greatest common divisor of 196 and l.
28
Let g = 58 - 36. What is the highest common factor of g and 2?
2
Let c(a) = a**3 + 9*a**2 + 3*a + 5. Let v be c(-8). Let g be 0*(5/(-2) - -2). Let t = 9 + g. Calculate the greatest common divisor of t and v.
9
Suppose -2*u - 2 = -3*u. Let d be (16/(-4))/(u/4). Let z be (-580)/(-16) - (-2)/d. What is the greatest common factor of z and 9?
9
Let b(s) = 2*s**3 + 2*s**2 - s - 3. Let d be b(-3). Let p = d + 53. Suppose 3*q - 34 = 119. What is the greatest common factor of q and p?
17
Let q be 2/4 + (-3)/2. Let u be -1 - 1 - (-2 - -3). Let i be (10/u)/(q/18). Calculate the greatest common divisor of 12 and i.
12
Suppose -56 = -4*s + 3*p, s - 4*p - 14 = -2*p. What is the highest common factor of s and 7?
7
Let q be -1 - (-3 + 2)*16. Suppose -550 = -5*x + 1010. Suppose -3*u + 4*y = 3*y - x, 0 = -4*u + 3*y + 411. Calculate the highest common divisor of q and u.
15
Let l be (-4 - 5)/((-12)/8). Let c be ((-9)/l)/((-3)/6). What is the highest common factor of c and 3?
3
Let p = 19 - 9. Let k(y) = 3*y**2 - 2*y + 23 - 9*y - 9 - 2*y**2. Let t be k(p). What is the highest common factor of 20 and t?
4
Suppose 5*j - 14 = -4*h + 124, -5*h = 4*j - 168. Suppose -4*q + 67 = 3. What is the greatest common factor of h and q?
16
Let